{"id":3,"date":"2022-12-06T14:29:15","date_gmt":"2022-12-06T13:29:15","guid":{"rendered":"http:\/\/acorpsdetoi.fr\/?page_id=3"},"modified":"2026-03-11T13:50:13","modified_gmt":"2026-03-11T12:50:13","slug":"politique-de-confidentialite","status":"publish","type":"page","link":"https:\/\/acorpsdetoi.fr\/index.php\/politique-de-confidentialite\/","title":{"rendered":"Mentions l\u00e9gales"},"content":{"rendered":"\n<h2 class=\"wp-block-heading\">PROPRI\u00c9TAIRE&nbsp;:<\/h2>\n\n\n\n<p>Ce site web est la propri\u00e9t\u00e9 de Laetitia BAUDRY E.I. Il est accessible \u00e0 l&rsquo;adresse suivante :&nbsp;<strong>www.acorpsdetoi.fr<\/strong>&nbsp;&nbsp;<\/p>\n\n\n\n<p>Il est \u00e9dit\u00e9 par Laetitia Baudry E.I., Praticienne en Mouvement et Danse Diodynamique et en Massage Chong Mai, exer\u00e7ant en qualit\u00e9 de micro entrepreneur \/ entreprise individuelle (E.I.).<\/p>\n\n\n\n<p><em>Adresse<\/em>&nbsp;: 179, chemin des Moureli\u00e8res, 38540 Valencin &#8211;&nbsp;<em>T\u00e9l\u00e9phone<\/em>&nbsp;: 06 09 71 37 24<\/p>\n\n\n\n<p><em>Email<\/em>&nbsp;: contact@acorpsdetoi.fr<\/p>\n\n\n\n<p><em>Siret&nbsp;<\/em>: 91513509900017 &#8211;&nbsp;<em>Code APE<\/em>&nbsp;: 9609Z<\/p>\n\n\n\n<p>Dispens\u00e9e d&rsquo;immatriculation au registre du commerce et des soci\u00e9t\u00e9s (RCS) et au r\u00e9pertoire des m\u00e9tiers (RM) \/ TVA non applicable Art.293 B du CGI.<\/p>\n\n\n\n<p><strong>H\u00c9BERGEMENT&nbsp;:<\/strong> OVH&nbsp;:&nbsp;OVHcloud, 2 rue Kellermann, 59100 Roubaix \u2013 France<\/p>\n\n\n\n<p><strong>IDENTIT\u00c9 VISUELLE&nbsp;:<\/strong> Florent Vasquez<\/p>\n\n\n\n<p><strong>PHOTOGRAPHIES\u00a0:<\/strong> Laetitia Baudry E.I. \/ Capture Motion <a href=\"https:\/\/www.instagram.com\/capturemotion__\/\">https:\/\/www.instagram.com\/capturemotion__\/<\/a><\/p>\n\n\n\n<p><strong>VID\u00c9OS\u00a0:<\/strong> Laetitia Baudry E.I. \/ Capture Motion <a href=\"https:\/\/www.instagram.com\/capturemotion__\/\">https:\/\/www.instagram.com\/capturemotion__\/<\/a><\/p>\n\n\n\n<p><strong>R\u00c9ALISATION DU SITE&nbsp;:<\/strong> Florent Vasquez<\/p>\n\n\n\n<div style=\"height:40px\" aria-hidden=\"true\" class=\"wp-block-spacer\"><\/div>\n\n\n\n<h2 class=\"wp-block-heading\">CONFIDENTIALIT\u00c9<\/h2>\n\n\n\n<p>Il appartient au client de prendre les mesures n\u00e9cessaires pour assurer la confidentialit\u00e9 des informations qu&rsquo;il fournit \u00e0 Laetitia BAUDRY E.I. L&rsquo;enregistrement et la conservation des \u00e9changes ainsi que leur diffusion ne sont pas autoris\u00e9s. En cas d&rsquo;interception d&rsquo;informations confidentielles par des tiers, la responsabilit\u00e9 de Laetitia BAUDRY E.I. ne pourra \u00eatre engag\u00e9e. <\/p>\n\n\n\n<p>Laetitia BAUDRY E.I. est tenue au&nbsp;secret professionnel&nbsp;pour toutes les informations transmises dans le cadre des rendez-vous quelle qu&rsquo;en soit la modalit\u00e9, orale ou \u00e9crite (sauf cas de force majeure). En aucun cas, Laetitia BAUDRY E.I. ne pourra \u00eatre tenue responsable d&rsquo;une fuite ou d&rsquo;un d\u00e9tournement d&rsquo;informations lors de la transmission des donn\u00e9es via internet.<\/p>\n\n\n\n<div style=\"height:40px\" aria-hidden=\"true\" class=\"wp-block-spacer\"><\/div>\n\n\n\n<h2 class=\"wp-block-heading\">DONN\u00c9ES PERSONNELLES<\/h2>\n\n\n\n<p>Aucune information personnelle n\u2019est collect\u00e9e \u00e0 votre insu, ni utilis\u00e9e \u00e0 des fins non pr\u00e9vues.<\/p>\n\n\n\n<p>Les informations que les clients pourraient \u00eatre amen\u00e9s \u00e0 communiquer sur www.acorpsdetoi.fr par le biais du formulaire de contact ne seront exploit\u00e9es qu\u00b4\u00e0 des fins de traitement de leur demande et resteront strictement confidentielles, en application de l\u00b4article 27 de la loi 78 &#8211; 17 du 6 janvier 1978 relative \u00e0 l\u00b4informatique, aux fichiers et aux libert\u00e9s,<\/p>\n\n\n\n<p>Les clients disposent d\u00b4un droit de consultation, de modification, de rectification et de suppression des donn\u00e9es qu&rsquo;ils ont communiqu\u00e9es. Ils peuvent exercer ce droit en \u00e9crivant par mail \u00e0 contact@acorpsdetoi,fr ou \u00e0 l&rsquo;adresse postale suivante :&nbsp;Laetitia BAUDRY E.I.<em>&#8211; 179 chemin des Moureli\u00e8res, 38540 Valencin<\/em>.<\/p>\n\n\n\n<div style=\"height:40px\" aria-hidden=\"true\" class=\"wp-block-spacer\"><\/div>\n\n\n\n<h2 class=\"wp-block-heading\">COOKIES<\/h2>\n\n\n\n<p>Pour permettre \u00e0 ses utilisateurs de b\u00e9n\u00e9ficier d&rsquo;une navigation optimale sur le site et d&rsquo;un meilleur fonctionnement des diff\u00e9rentes interfaces et applications, le site internet est susceptible d&rsquo;implanter des cookies sur l&rsquo;ordinateur de l&rsquo;utilisateur.<\/p>\n\n\n\n<p>Ces cookies permettent de stocker les informations relatives \u00e0 la navigation sur le site internet, ainsi qu&rsquo;aux \u00e9ventuelles donn\u00e9es saisies par les utilisateurs. Par sa navigation sur ce site internet, l&rsquo;utilisateur autorise express\u00e9ment le d\u00e9p\u00f4t sur son disque dur de fichiers dits \u00ab cookies \u00bb.<\/p>\n\n\n\n<p>L&rsquo;utilisateur dispose de la possibilit\u00e9 de bloquer, modifier la dur\u00e9e de conservation, ou supprimer ces cookies via l&rsquo;interface de son navigateur. Si la d\u00e9sactivation syst\u00e9matique des cookies sur le navigateur de l&rsquo;utilisateur l&#8217;emp\u00eache d&rsquo;utiliser certains services ou fonctionnalit\u00e9s sur site, ce dysfonctionnement ne saurait en aucun cas constituer un dommage pour l&rsquo;utilisateur qui ne pourra pr\u00e9tendre \u00e0 aucune indemnit\u00e9 de ce fait.<\/p>\n\n\n\n<div style=\"height:40px\" aria-hidden=\"true\" class=\"wp-block-spacer\"><\/div>\n\n\n\n<h2 class=\"wp-block-heading\">PROPRI\u00c9T\u00c9 INTELLECTUELLE<\/h2>\n\n\n\n<p>Tous les \u00e9l\u00e9ments de ce site internet, textes, images ou sons y compris les documents t\u00e9l\u00e9chargeables, \u00e0 l&rsquo;exclusion des photos et images trouv\u00e9es sur les banques d&rsquo;images libre de droits, sont et restent la propri\u00e9t\u00e9 intellectuelle et exclusive de Laetitia BAUDRY E.I. et sont prot\u00e9g\u00e9s par le droit d&rsquo;auteur pr\u00e9vu par les lois fran\u00e7aises et internationales.<\/p>\n\n\n\n<p>Toute reproduction totale ou partielle des \u00e9l\u00e9ments du site est strictement interdite.<\/p>\n","protected":false},"excerpt":{"rendered":"<p>PROPRI\u00c9TAIRE&nbsp;: Ce site web est la propri\u00e9t\u00e9 de Laetitia BAUDRY E.I. Il est accessible \u00e0 l&rsquo;adresse suivante :&nbsp;www.acorpsdetoi.fr&nbsp;&nbsp; Il est \u00e9dit\u00e9 par Laetitia Baudry E.I., Praticienne en Mouvement et Danse Diodynamique et en Massage Chong Mai, exer\u00e7ant en qualit\u00e9 de micro entrepreneur \/ entreprise individuelle (E.I.). Adresse&nbsp;: 179, chemin des Moureli\u00e8res, 38540 Valencin &#8211;&nbsp;T\u00e9l\u00e9phone&nbsp;: 06 09 71 37 24 Email&nbsp;: [&hellip;]<\/p>\n","protected":false},"author":1,"featured_media":0,"parent":0,"menu_order":0,"comment_status":"closed","ping_status":"closed","template":"","meta":{"footnotes":""},"class_list":["post-3","page","type-page","status-publish","hentry"],"yoast_head":"<!-- This site is optimized with the Yoast SEO plugin v26.0 - https:\/\/yoast.com\/wordpress\/plugins\/seo\/ -->\n<title>Mentions l\u00e9gales -<\/title>\n<meta name=\"robots\" content=\"index, follow, max-snippet:-1, max-image-preview:large, max-video-preview:-1\" \/>\n<link rel=\"canonical\" href=\"https:\/\/acorpsdetoi.fr\/index.php\/politique-de-confidentialite\/\" \/>\n<meta property=\"og:locale\" content=\"fr_FR\" \/>\n<meta property=\"og:type\" content=\"article\" \/>\n<meta property=\"og:title\" content=\"Mentions l\u00e9gales -\" \/>\n<meta property=\"og:description\" content=\"PROPRI\u00c9TAIRE&nbsp;: Ce site web est la propri\u00e9t\u00e9 de Laetitia BAUDRY E.I. Il est accessible \u00e0 l&rsquo;adresse suivante :&nbsp;www.acorpsdetoi.fr&nbsp;&nbsp; Il est \u00e9dit\u00e9 par Laetitia Baudry E.I., Praticienne en Mouvement et Danse Diodynamique et en Massage Chong Mai, exer\u00e7ant en qualit\u00e9 de micro entrepreneur \/ entreprise individuelle (E.I.). Adresse&nbsp;: 179, chemin des Moureli\u00e8res, 38540 Valencin &#8211;&nbsp;T\u00e9l\u00e9phone&nbsp;: 06 09 71 37 24 Email&nbsp;: [&hellip;]\" \/>\n<meta property=\"og:url\" content=\"https:\/\/acorpsdetoi.fr\/index.php\/politique-de-confidentialite\/\" \/>\n<meta property=\"article:modified_time\" content=\"2026-03-11T12:50:13+00:00\" \/>\n<meta name=\"twitter:card\" content=\"summary_large_image\" \/>\n<meta name=\"twitter:label1\" content=\"Dur\u00e9e de lecture estim\u00e9e\" \/>\n\t<meta name=\"twitter:data1\" content=\"3 minutes\" \/>\n<script type=\"application\/ld+json\" class=\"yoast-schema-graph\">{\"@context\":\"https:\/\/schema.org\",\"@graph\":[{\"@type\":\"WebPage\",\"@id\":\"https:\/\/acorpsdetoi.fr\/index.php\/politique-de-confidentialite\/\",\"url\":\"https:\/\/acorpsdetoi.fr\/index.php\/politique-de-confidentialite\/\",\"name\":\"Mentions l\u00e9gales -\",\"isPartOf\":{\"@id\":\"https:\/\/acorpsdetoi.fr\/#website\"},\"datePublished\":\"2022-12-06T13:29:15+00:00\",\"dateModified\":\"2026-03-11T12:50:13+00:00\",\"breadcrumb\":{\"@id\":\"https:\/\/acorpsdetoi.fr\/index.php\/politique-de-confidentialite\/#breadcrumb\"},\"inLanguage\":\"fr-FR\",\"potentialAction\":[{\"@type\":\"ReadAction\",\"target\":[\"https:\/\/acorpsdetoi.fr\/index.php\/politique-de-confidentialite\/\"]}]},{\"@type\":\"BreadcrumbList\",\"@id\":\"https:\/\/acorpsdetoi.fr\/index.php\/politique-de-confidentialite\/#breadcrumb\",\"itemListElement\":[{\"@type\":\"ListItem\",\"position\":1,\"name\":\"Accueil\",\"item\":\"https:\/\/acorpsdetoi.fr\/\"},{\"@type\":\"ListItem\",\"position\":2,\"name\":\"Mentions l\u00e9gales\"}]},{\"@type\":\"WebSite\",\"@id\":\"https:\/\/acorpsdetoi.fr\/#website\",\"url\":\"https:\/\/acorpsdetoi.fr\/\",\"name\":\"\u00c0 Corps de Toi\",\"description\":\"\",\"publisher\":{\"@id\":\"https:\/\/acorpsdetoi.fr\/#organization\"},\"potentialAction\":[{\"@type\":\"SearchAction\",\"target\":{\"@type\":\"EntryPoint\",\"urlTemplate\":\"https:\/\/acorpsdetoi.fr\/?s={search_term_string}\"},\"query-input\":{\"@type\":\"PropertyValueSpecification\",\"valueRequired\":true,\"valueName\":\"search_term_string\"}}],\"inLanguage\":\"fr-FR\"},{\"@type\":\"Organization\",\"@id\":\"https:\/\/acorpsdetoi.fr\/#organization\",\"name\":\"\u00c0 Corps de Toi\",\"url\":\"https:\/\/acorpsdetoi.fr\/\",\"logo\":{\"@type\":\"ImageObject\",\"inLanguage\":\"fr-FR\",\"@id\":\"https:\/\/acorpsdetoi.fr\/#\/schema\/logo\/image\/\",\"url\":\"https:\/\/acorpsdetoi.fr\/wp-content\/uploads\/2024\/08\/cropped-Logo-ACdT-noir.png\",\"contentUrl\":\"https:\/\/acorpsdetoi.fr\/wp-content\/uploads\/2024\/08\/cropped-Logo-ACdT-noir.png\",\"width\":512,\"height\":512,\"caption\":\"\u00c0 Corps de Toi\"},\"image\":{\"@id\":\"https:\/\/acorpsdetoi.fr\/#\/schema\/logo\/image\/\"}}]}<\/script>\n<!-- \/ Yoast SEO plugin. -->","yoast_head_json":{"title":"Mentions l\u00e9gales -","robots":{"index":"index","follow":"follow","max-snippet":"max-snippet:-1","max-image-preview":"max-image-preview:large","max-video-preview":"max-video-preview:-1"},"canonical":"https:\/\/acorpsdetoi.fr\/index.php\/politique-de-confidentialite\/","og_locale":"fr_FR","og_type":"article","og_title":"Mentions l\u00e9gales -","og_description":"PROPRI\u00c9TAIRE&nbsp;: Ce site web est la propri\u00e9t\u00e9 de Laetitia BAUDRY E.I. Il est accessible \u00e0 l&rsquo;adresse suivante :&nbsp;www.acorpsdetoi.fr&nbsp;&nbsp; Il est \u00e9dit\u00e9 par Laetitia Baudry E.I., Praticienne en Mouvement et Danse Diodynamique et en Massage Chong Mai, exer\u00e7ant en qualit\u00e9 de micro entrepreneur \/ entreprise individuelle (E.I.). Adresse&nbsp;: 179, chemin des Moureli\u00e8res, 38540 Valencin &#8211;&nbsp;T\u00e9l\u00e9phone&nbsp;: 06 09 71 37 24 Email&nbsp;: [&hellip;]","og_url":"https:\/\/acorpsdetoi.fr\/index.php\/politique-de-confidentialite\/","article_modified_time":"2026-03-11T12:50:13+00:00","twitter_card":"summary_large_image","twitter_misc":{"Dur\u00e9e de lecture estim\u00e9e":"3 minutes"},"schema":{"@context":"https:\/\/schema.org","@graph":[{"@type":"WebPage","@id":"https:\/\/acorpsdetoi.fr\/index.php\/politique-de-confidentialite\/","url":"https:\/\/acorpsdetoi.fr\/index.php\/politique-de-confidentialite\/","name":"Mentions l\u00e9gales -","isPartOf":{"@id":"https:\/\/acorpsdetoi.fr\/#website"},"datePublished":"2022-12-06T13:29:15+00:00","dateModified":"2026-03-11T12:50:13+00:00","breadcrumb":{"@id":"https:\/\/acorpsdetoi.fr\/index.php\/politique-de-confidentialite\/#breadcrumb"},"inLanguage":"fr-FR","potentialAction":[{"@type":"ReadAction","target":["https:\/\/acorpsdetoi.fr\/index.php\/politique-de-confidentialite\/"]}]},{"@type":"BreadcrumbList","@id":"https:\/\/acorpsdetoi.fr\/index.php\/politique-de-confidentialite\/#breadcrumb","itemListElement":[{"@type":"ListItem","position":1,"name":"Accueil","item":"https:\/\/acorpsdetoi.fr\/"},{"@type":"ListItem","position":2,"name":"Mentions l\u00e9gales"}]},{"@type":"WebSite","@id":"https:\/\/acorpsdetoi.fr\/#website","url":"https:\/\/acorpsdetoi.fr\/","name":"\u00c0 Corps de Toi","description":"","publisher":{"@id":"https:\/\/acorpsdetoi.fr\/#organization"},"potentialAction":[{"@type":"SearchAction","target":{"@type":"EntryPoint","urlTemplate":"https:\/\/acorpsdetoi.fr\/?s={search_term_string}"},"query-input":{"@type":"PropertyValueSpecification","valueRequired":true,"valueName":"search_term_string"}}],"inLanguage":"fr-FR"},{"@type":"Organization","@id":"https:\/\/acorpsdetoi.fr\/#organization","name":"\u00c0 Corps de Toi","url":"https:\/\/acorpsdetoi.fr\/","logo":{"@type":"ImageObject","inLanguage":"fr-FR","@id":"https:\/\/acorpsdetoi.fr\/#\/schema\/logo\/image\/","url":"https:\/\/acorpsdetoi.fr\/wp-content\/uploads\/2024\/08\/cropped-Logo-ACdT-noir.png","contentUrl":"https:\/\/acorpsdetoi.fr\/wp-content\/uploads\/2024\/08\/cropped-Logo-ACdT-noir.png","width":512,"height":512,"caption":"\u00c0 Corps de Toi"},"image":{"@id":"https:\/\/acorpsdetoi.fr\/#\/schema\/logo\/image\/"}}]}},"_links":{"self":[{"href":"https:\/\/acorpsdetoi.fr\/index.php\/wp-json\/wp\/v2\/pages\/3","targetHints":{"allow":["GET"]}}],"collection":[{"href":"https:\/\/acorpsdetoi.fr\/index.php\/wp-json\/wp\/v2\/pages"}],"about":[{"href":"https:\/\/acorpsdetoi.fr\/index.php\/wp-json\/wp\/v2\/types\/page"}],"author":[{"embeddable":true,"href":"https:\/\/acorpsdetoi.fr\/index.php\/wp-json\/wp\/v2\/users\/1"}],"replies":[{"embeddable":true,"href":"https:\/\/acorpsdetoi.fr\/index.php\/wp-json\/wp\/v2\/comments?post=3"}],"version-history":[{"count":7,"href":"https:\/\/acorpsdetoi.fr\/index.php\/wp-json\/wp\/v2\/pages\/3\/revisions"}],"predecessor-version":[{"id":4318,"href":"https:\/\/acorpsdetoi.fr\/index.php\/wp-json\/wp\/v2\/pages\/3\/revisions\/4318"}],"wp:attachment":[{"href":"https:\/\/acorpsdetoi.fr\/index.php\/wp-json\/wp\/v2\/media?parent=3"}],"curies":[{"name":"wp","href":"https:\/\/api.w.org\/{rel}","templated":true}]}}